{"id":1650,"date":"2017-02-17T20:23:09","date_gmt":"2017-02-17T20:23:09","guid":{"rendered":"https:\/\/villadianthe.com\/tout-a-propos-de-mirtos\/"},"modified":"2025-10-06T19:42:22","modified_gmt":"2025-10-06T16:42:22","slug":"tout-a-propos-de-mirtos","status":"publish","type":"page","link":"https:\/\/villadianthe.com\/fr\/tout-a-propos-de-mirtos\/","title":{"rendered":"Tout \u00e0 propos de Mirtos"},"content":{"rendered":"<p>[et_pb_section fb_built=\u00a0\u00bb1&Prime; admin_label=\u00a0\u00bbsection\u00a0\u00bb _builder_version=\u00a0\u00bb4.16&Prime; background_color=\u00a0\u00bbrgba(255,255,255,0.5)\u00a0\u00bb custom_margin=\u00a0\u00bb|30px||30px|false|true\u00a0\u00bb custom_margin_tablet=\u00a0\u00bb|30px||30px|false|true\u00a0\u00bb custom_margin_phone=\u00a0\u00bb|0px||0px|false|true\u00a0\u00bb custom_margin_last_edited=\u00a0\u00bbon|phone\u00a0\u00bb border_radii=\u00a0\u00bbon|20px|20px|20px|20px\u00a0\u00bb transparent_background=\u00a0\u00bbon\u00a0\u00bb global_colors_info=\u00a0\u00bb{}\u00a0\u00bb][et_pb_row admin_label=\u00a0\u00bbRow\u00a0\u00bb _builder_version=\u00a0\u00bb3.25&Prime; background_size=\u00a0\u00bbinitial\u00a0\u00bb background_position=\u00a0\u00bbtop_left\u00a0\u00bb background_repeat=\u00a0\u00bbrepeat\u00a0\u00bb make_fullwidth=\u00a0\u00bboff\u00a0\u00bb use_custom_width=\u00a0\u00bboff\u00a0\u00bb width_unit=\u00a0\u00bbon\u00a0\u00bb global_module=\u00a0\u00bb1656&Prime; global_colors_info=\u00a0\u00bb{}\u00a0\u00bb][et_pb_column type=\u00a0\u00bb4_4&Prime; _builder_version=\u00a0\u00bb4.16&Prime; custom_padding=\u00a0\u00bb|||\u00a0\u00bb global_colors_info=\u00a0\u00bb{}\u00a0\u00bb custom_padding__hover=\u00a0\u00bb|||\u00a0\u00bb][et_pb_post_title meta=\u00a0\u00bboff\u00a0\u00bb featured_image=\u00a0\u00bboff\u00a0\u00bb _builder_version=\u00a0\u00bb4.16&Prime; title_font_size=\u00a0\u00bb72px\u00a0\u00bb parallax=\u00a0\u00bbon\u00a0\u00bb parallax_method=\u00a0\u00bboff\u00a0\u00bb parallax_effect=\u00a0\u00bbon\u00a0\u00bb use_border_color=\u00a0\u00bboff\u00a0\u00bb border_color=\u00a0\u00bb#ffffff\u00a0\u00bb border_style=\u00a0\u00bbsolid\u00a0\u00bb global_colors_info=\u00a0\u00bb{}\u00a0\u00bb][\/et_pb_post_title][\/et_pb_column][\/et_pb_row][et_pb_row admin_label=\u00a0\u00bbRow\u00a0\u00bb _builder_version=\u00a0\u00bb4.16&Prime; background_size=\u00a0\u00bbinitial\u00a0\u00bb background_position=\u00a0\u00bbtop_left\u00a0\u00bb background_repeat=\u00a0\u00bbrepeat\u00a0\u00bb custom_margin=\u00a0\u00bb||0px|\u00a0\u00bb custom_padding=\u00a0\u00bb||0px|\u00a0\u00bb global_colors_info=\u00a0\u00bb{}\u00a0\u00bb][et_pb_column type=\u00a0\u00bb4_4&Prime; _builder_version=\u00a0\u00bb4.16&Prime; custom_padding=\u00a0\u00bb|||\u00a0\u00bb global_colors_info=\u00a0\u00bb{}\u00a0\u00bb custom_padding__hover=\u00a0\u00bb|||\u00a0\u00bb][et_pb_text admin_label=\u00a0\u00bbsubtitle\u00a0\u00bb _builder_version=\u00a0\u00bb4.16&Prime; background_size=\u00a0\u00bbinitial\u00a0\u00bb background_position=\u00a0\u00bbtop_left\u00a0\u00bb background_repeat=\u00a0\u00bbrepeat\u00a0\u00bb global_colors_info=\u00a0\u00bb{}\u00a0\u00bb]<\/p>\n<p><span style=\"font-size: large;\">&ldquo;Mirtos est comme une grande famille, et nous vous invitons &agrave; en faire partie.&rdquo; &ndash; Al&eacute;xandros Pantel&aacute;kis, Maire de Mirtos<\/span><\/p>\n<p>[\/et_pb_text][et_pb_image src=\u00a0\u00bbhttps:\/\/villadianthe.com\/wp-content\/uploads\/2017\/02\/villa-dianthe-mirtospage-top-seaview.jpg\u00a0\u00bb title_text=\u00a0\u00bbvilla-dianthe-mirtospage-top-seaview\u00a0\u00bb align_tablet=\u00a0\u00bbcenter\u00a0\u00bb align_phone=\u00a0\u00bbcenter\u00a0\u00bb align_last_edited=\u00a0\u00bbon|desktop\u00a0\u00bb admin_label=\u00a0\u00bbImage\u00a0\u00bb _builder_version=\u00a0\u00bb4.21.0&Prime; animation=\u00a0\u00bboff\u00a0\u00bb global_colors_info=\u00a0\u00bb{}\u00a0\u00bb][\/et_pb_image][\/et_pb_column][\/et_pb_row][et_pb_row column_structure=\u00a0\u00bb3_4,1_4&Prime; use_custom_gutter=\u00a0\u00bbon\u00a0\u00bb gutter_width=\u00a0\u00bb1&Prime; make_equal=\u00a0\u00bbon\u00a0\u00bb admin_label=\u00a0\u00bbrow\u00a0\u00bb _builder_version=\u00a0\u00bb4.16&Prime; background_color=\u00a0\u00bb#ffffff\u00a0\u00bb background_size=\u00a0\u00bbinitial\u00a0\u00bb background_position=\u00a0\u00bbtop_left\u00a0\u00bb background_repeat=\u00a0\u00bbrepeat\u00a0\u00bb custom_margin=\u00a0\u00bb0px||0px|\u00a0\u00bb custom_padding=\u00a0\u00bb0px||10px|\u00a0\u00bb global_colors_info=\u00a0\u00bb{}\u00a0\u00bb][et_pb_column type=\u00a0\u00bb3_4&Prime; module_class=\u00a0\u00bbboxsetshad\u00a0\u00bb _builder_version=\u00a0\u00bb4.16&Prime; custom_padding=\u00a0\u00bb3%|3%|3%|3%\u00a0\u00bb global_colors_info=\u00a0\u00bb{}\u00a0\u00bb custom_padding__hover=\u00a0\u00bb|||\u00a0\u00bb][et_pb_text admin_label=\u00a0\u00bbText\u00a0\u00bb _builder_version=\u00a0\u00bb4.24.3&Prime; background_size=\u00a0\u00bbinitial\u00a0\u00bb background_position=\u00a0\u00bbtop_left\u00a0\u00bb background_repeat=\u00a0\u00bbrepeat\u00a0\u00bb custom_padding=\u00a0\u00bb3%|3%|3%|3%\u00a0\u00bb global_colors_info=\u00a0\u00bb{}\u00a0\u00bb]<\/p>\n<h2>Mirtos<\/h2>\n<p>Le village de Mirtos, avec moins de 500 habitants, est loin des endroits destin\u00e9s au tourisme de masse et de divertissements nocturnes tels ceux situ\u00e9s au nord de la Cr\u00e8te, et est l\u2019endroit id\u00e9al pour des vacances paisibles dans un magnifique entourage. La population locale, qui y vit toute l\u2019ann\u00e9e, est de surcro\u00eet tr\u00e8s aimable et accueillante. Pendant l\u2019\u00e9t\u00e9 et surtout le soir les habitants s\u2019installent \u00e9galement dehors (\u00e0 l\u2019ombre). Il n\u2019est pas n\u00e9cessaire de quitter Mirtos pour vos achats. Le village vous offre deux sup\u00e9rettes, une boulangerie, une boucherie, des magasins pour vos souvenirs et depuis 2016 une pharmacie. Une agence de voyages \u00e9galement o\u00f9 vous pourriez, par exemple, vous renseigner sur les excursions possibles. Les tavernes se situent pour la plupart sur le boulevard, mais \u00e9galement dans les ruelles.<br \/>Les habitants de Mirtos vivent pour la majorit\u00e9 du tourisme \u00e0 petite \u00e9chelle, mais beaucoup travaillent aussi dans l\u2019agriculture et l\u2019horticulture. Il n\u2019est pas rare que dans les tavernes les ingr\u00e9dients proviennent directement de leurs propres cultures, comme par exemple les olives et l\u2019huile d\u2019olive de leurs champs d\u2019oliviers, les d\u00e9licieuses oranges press\u00e9es de leurs orangers ou le miel de leurs ruches.<\/p>\n<p>Pour plus d\u2019informations, voir le site : <a href=\"https:\/\/www.mirtoscrete.gr\/?lang=fr\" target=\"_blank\" rel=\"noopener\">www.mirtoscrete.gr<\/a><\/p>\n<p>[\/et_pb_text][\/et_pb_column][et_pb_column type=\u00a0\u00bb1_4&Prime; _builder_version=\u00a0\u00bb4.16&Prime; custom_padding=\u00a0\u00bb|||\u00a0\u00bb custom_css_main_element=\u00a0\u00bbmax-height: 556px;\u00a0\u00bb global_colors_info=\u00a0\u00bb{}\u00a0\u00bb custom_padding__hover=\u00a0\u00bb|||\u00a0\u00bb][et_pb_gallery gallery_ids=\u00a0\u00bb2906,2874,2902,2890,2882,2930,2894,2898,2910,2878,2886,2914,2918,2922,2926,2934&Prime; posts_number=\u00a0\u00bb3&Prime; show_title_and_caption=\u00a0\u00bboff\u00a0\u00bb show_pagination=\u00a0\u00bboff\u00a0\u00bb zoom_icon_color=\u00a0\u00bb#a32e24&Prime; hover_overlay_color=\u00a0\u00bbrgba(246,227,206,0.8)\u00a0\u00bb hover_icon=\u00a0\u00bb&#x31;||divi||400&Prime; admin_label=\u00a0\u00bbGallery\u00a0\u00bb _builder_version=\u00a0\u00bb4.16&Prime; title_font_size=\u00a0\u00bb1&Prime; caption_line_height=\u00a0\u00bb1px\u00a0\u00bb global_colors_info=\u00a0\u00bb{}\u00a0\u00bb][\/et_pb_gallery][\/et_pb_column][\/et_pb_row][et_pb_row admin_label=\u00a0\u00bbrow\u00a0\u00bb _builder_version=\u00a0\u00bb4.16&Prime; background_size=\u00a0\u00bbinitial\u00a0\u00bb background_position=\u00a0\u00bbtop_left\u00a0\u00bb background_repeat=\u00a0\u00bbrepeat\u00a0\u00bb custom_margin=\u00a0\u00bb0px|||\u00a0\u00bb custom_padding=\u00a0\u00bb0px|||\u00a0\u00bb global_colors_info=\u00a0\u00bb{}\u00a0\u00bb][et_pb_column type=\u00a0\u00bb4_4&Prime; _builder_version=\u00a0\u00bb4.16&Prime; custom_padding=\u00a0\u00bb|||\u00a0\u00bb global_colors_info=\u00a0\u00bb{}\u00a0\u00bb custom_padding__hover=\u00a0\u00bb|||\u00a0\u00bb][et_pb_text _builder_version=\u00a0\u00bb4.27.4&Prime; _module_preset=\u00a0\u00bbdefault\u00a0\u00bb hover_enabled=\u00a0\u00bb0&Prime; sticky_enabled=\u00a0\u00bb0&Prime; locked=\u00a0\u00bboff\u00a0\u00bb]<iframe src=\"https:\/\/www.google.com\/maps\/embed?pb=!1m18!1m12!1m3!1d863012.0837318264!2d24.360456950041904!3d35.25387765796858!2m3!1f0!2f0!3f0!3m2!1i1024!2i768!4f13.1!3m3!1m2!1s0x149a831aeda9a4a7%3A0x500bd2ce2baf9d0!2sMyrtos%20720%2056!5e1!3m2!1sen!2sgr!4v1759768547390!5m2!1sen!2sgr\" width=\"1080\" height=\"500\" style=\"border:0;\" allowfullscreen=\"\" loading=\"lazy\" referrerpolicy=\"no-referrer-when-downgrade\"><\/iframe>[\/et_pb_text][\/et_pb_column][\/et_pb_row][\/et_pb_section]<\/p>\n","protected":false},"excerpt":{"rendered":"<p>&ldquo;Mirtos est comme une grande famille, et nous vous invitons &agrave; en faire partie.&rdquo; &ndash; Al&eacute;xandros Pantel&aacute;kis, Maire de MirtosMirtos Le village de Mirtos, avec moins de 500 habitants, est loin des endroits destin\u00e9s au tourisme de masse et de divertissements nocturnes tels ceux situ\u00e9s au nord de la Cr\u00e8te, et est l\u2019endroit id\u00e9al pour [&hellip;]<\/p>\n","protected":false},"author":6,"featured_media":0,"parent":0,"menu_order":0,"comment_status":"closed","ping_status":"closed","template":"","meta":{"_et_pb_use_builder":"on","_et_pb_old_content":"","_et_gb_content_width":"","footnotes":""},"class_list":["post-1650","page","type-page","status-publish","hentry"],"_links":{"self":[{"href":"https:\/\/villadianthe.com\/fr\/wp-json\/wp\/v2\/pages\/1650","targetHints":{"allow":["GET"]}}],"collection":[{"href":"https:\/\/villadianthe.com\/fr\/wp-json\/wp\/v2\/pages"}],"about":[{"href":"https:\/\/villadianthe.com\/fr\/wp-json\/wp\/v2\/types\/page"}],"author":[{"embeddable":true,"href":"https:\/\/villadianthe.com\/fr\/wp-json\/wp\/v2\/users\/6"}],"replies":[{"embeddable":true,"href":"https:\/\/villadianthe.com\/fr\/wp-json\/wp\/v2\/comments?post=1650"}],"version-history":[{"count":0,"href":"https:\/\/villadianthe.com\/fr\/wp-json\/wp\/v2\/pages\/1650\/revisions"}],"wp:attachment":[{"href":"https:\/\/villadianthe.com\/fr\/wp-json\/wp\/v2\/media?parent=1650"}],"curies":[{"name":"wp","href":"https:\/\/api.w.org\/{rel}","templated":true}]}}

Tout à propos de Mirtos

<p>[et_pb_section fb_built= »1&Prime; admin_label= »section » _builder_version= »4.16&Prime; background_color= »rgba(255,255,255,0.5) » custom_margin= »|30px||30px|false|true » custom_margin_tablet= »|30px||30px|false|true » custom_margin_phone= »|0px||0px|false|true » custom_margin_last_edited= »on|phone » border_radii= »on|20px|20px|20px|20px » transparent_background= »on » global_colors_info= »{} »][et_pb_row admin_label= »Row » _builder_version= »3.25&Prime; background_size= »initial » background_position= »top_left » background_repeat= »repeat » make_fullwidth= »off » use_custom_width= »off » width_unit= »on » global_module= »1656&Prime; global_colors_info= »{} »][et_pb_column type= »4_4&Prime; _builder_version= »4.16&Prime; custom_padding= »||| » global_colors_info= »{} » custom_padding__hover= »||| »][et_pb_post_title meta= »off » featured_image= »off » _builder_version= »4.16&Prime; title_font_size= »72px » parallax= »on » parallax_method= »off » parallax_effect= »on » use_border_color= »off » border_color= »#ffffff » border_style= »solid » global_colors_info= »{} »][/et_pb_post_title][/et_pb_column][/et_pb_row][et_pb_row admin_label= »Row » _builder_version= »4.16&Prime; background_size= »initial » background_position= »top_left » background_repeat= »repeat » custom_margin= »||0px| » custom_padding= »||0px| » global_colors_info= »{} »][et_pb_column type= »4_4&Prime; _builder_version= »4.16&Prime; custom_padding= »||| » global_colors_info= »{} » custom_padding__hover= »||| »][et_pb_text admin_label= »subtitle » _builder_version= »4.16&Prime; background_size= »initial » background_position= »top_left » background_repeat= »repeat » global_colors_info= »{} »]</p>
<p><span style="font-size: large;">&ldquo;Mirtos est comme une grande famille, et nous vous invitons &agrave; en faire partie.&rdquo; &ndash; Al&eacute;xandros Pantel&aacute;kis, Maire de Mirtos</span></p>
<p>[/et_pb_text][et_pb_image src= »https://villadianthe.com/wp-content/uploads/2017/02/villa-dianthe-mirtospage-top-seaview.jpg » title_text= »villa-dianthe-mirtospage-top-seaview » align_tablet= »center » align_phone= »center » align_last_edited= »on|desktop » admin_label= »Image » _builder_version= »4.21.0&Prime; animation= »off » global_colors_info= »{} »][/et_pb_image][/et_pb_column][/et_pb_row][et_pb_row column_structure= »3_4,1_4&Prime; use_custom_gutter= »on » gutter_width= »1&Prime; make_equal= »on » admin_label= »row » _builder_version= »4.16&Prime; background_color= »#ffffff » background_size= »initial » background_position= »top_left » background_repeat= »repeat » custom_margin= »0px||0px| » custom_padding= »0px||10px| » global_colors_info= »{} »][et_pb_column type= »3_4&Prime; module_class= »boxsetshad » _builder_version= »4.16&Prime; custom_padding= »3%|3%|3%|3% » global_colors_info= »{} » custom_padding__hover= »||| »][et_pb_text admin_label= »Text » _builder_version= »4.24.3&Prime; background_size= »initial » background_position= »top_left » background_repeat= »repeat » custom_padding= »3%|3%|3%|3% » global_colors_info= »{} »]</p>
<h2>Mirtos</h2>
<p>Le village de Mirtos, avec moins de 500 habitants, est loin des endroits destinés au tourisme de masse et de divertissements nocturnes tels ceux situés au nord de la Crète, et est l’endroit idéal pour des vacances paisibles dans un magnifique entourage. La population locale, qui y vit toute l’année, est de surcroît très aimable et accueillante. Pendant l’été et surtout le soir les habitants s’installent également dehors (à l’ombre). Il n’est pas nécessaire de quitter Mirtos pour vos achats. Le village vous offre deux supérettes, une boulangerie, une boucherie, des magasins pour vos souvenirs et depuis 2016 une pharmacie. Une agence de voyages également où vous pourriez, par exemple, vous renseigner sur les excursions possibles. Les tavernes se situent pour la plupart sur le boulevard, mais également dans les ruelles.<br />Les habitants de Mirtos vivent pour la majorité du tourisme à petite échelle, mais beaucoup travaillent aussi dans l’agriculture et l’horticulture. Il n’est pas rare que dans les tavernes les ingrédients proviennent directement de leurs propres cultures, comme par exemple les olives et l’huile d’olive de leurs champs d’oliviers, les délicieuses oranges pressées de leurs orangers ou le miel de leurs ruches.</p>
<p>Pour plus d’informations, voir le site : <a href="https://www.mirtoscrete.gr/?lang=fr" target="_blank" rel="noopener">www.mirtoscrete.gr</a></p>
<p>[/et_pb_text][/et_pb_column][et_pb_column type= »1_4&Prime; _builder_version= »4.16&Prime; custom_padding= »||| » custom_css_main_element= »max-height: 556px; » global_colors_info= »{} » custom_padding__hover= »||| »][et_pb_gallery gallery_ids= »2906,2874,2902,2890,2882,2930,2894,2898,2910,2878,2886,2914,2918,2922,2926,2934&Prime; posts_number= »3&Prime; show_title_and_caption= »off » show_pagination= »off » zoom_icon_color= »#a32e24&Prime; hover_overlay_color= »rgba(246,227,206,0.8) » hover_icon= »&#x31;||divi||400&Prime; admin_label= »Gallery » _builder_version= »4.16&Prime; title_font_size= »1&Prime; caption_line_height= »1px » global_colors_info= »{} »][/et_pb_gallery][/et_pb_column][/et_pb_row][et_pb_row admin_label= »row » _builder_version= »4.16&Prime; background_size= »initial » background_position= »top_left » background_repeat= »repeat » custom_margin= »0px||| » custom_padding= »0px||| » global_colors_info= »{} »][et_pb_column type= »4_4&Prime; _builder_version= »4.16&Prime; custom_padding= »||| » global_colors_info= »{} » custom_padding__hover= »||| »][et_pb_text _builder_version= »4.27.4&Prime; _module_preset= »default » hover_enabled= »0&Prime; sticky_enabled= »0&Prime; locked= »off »]<iframe src="https://www.google.com/maps/embed?pb=!1m18!1m12!1m3!1d863012.0837318264!2d24.360456950041904!3d35.25387765796858!2m3!1f0!2f0!3f0!3m2!1i1024!2i768!4f13.1!3m3!1m2!1s0x149a831aeda9a4a7%3A0x500bd2ce2baf9d0!2sMyrtos%20720%2056!5e1!3m2!1sen!2sgr!4v1759768547390!5m2!1sen!2sgr" width="1080" height="500" style="border:0;" allowfullscreen="" loading="lazy" referrerpolicy="no-referrer-when-downgrade"></iframe>[/et_pb_text][/et_pb_column][/et_pb_row][/et_pb_section]</p>

<p>&ldquo;Mirtos est comme une grande famille, et nous vous invitons &agrave; en faire partie.&rdquo; &ndash; Al&eacute;xandros Pantel&aacute;kis, Maire de MirtosMirtos Le village de Mirtos, avec moins de 500 habitants, est loin des endroits destinés au tourisme de masse et de divertissements nocturnes tels ceux situés au nord de la Crète, et est l’endroit idéal pour [&hellip;]</p>
